lculate the highest common factor of 90 and b.
18
Suppose -4*d + 1110 = -d. Calculate the greatest common divisor of 37 and d.
37
Let v(m) = -29*m - 7. Let i be v(-3). What is the greatest common divisor of 32 and i?
16
Suppose -2*k + 24 = k. Let r = 0 + 2. Suppose t + y = 54, 0*t + 60 = t - r*y. What is the greatest common divisor of t and k?
8
Suppose -3*j = j + 4, 4*j + 4 = -2*d. Suppose d*t + 15 = 2*y + t, 0 = -y - 5*t - 15. Calculate the greatest common factor of 20 and y.
10
Let z(b) = b**3 + 7*b**2 + 5*b - 5. Let l be z(-5). Let d be ((-96)/(-10))/(6/l). Calculate the greatest common divisor of d and 4.
4
Let a(o) = -4*o - 1. Let t be a(-3). Let m = t + -5. Let l be ((-4)/m)/((-4)/6). Calculate the greatest common factor of l and 4.
1
Let b = 16 + -4. Let n = 173 + -65. What is the greatest common divisor of b and n?
12
Let y(n) = -38*n + 4. Let k be y(-1). Calculate the highest common divisor of 63 and k.
21
Let q(g) = 2*g**2 + 6*g - 4. Let d(f) = 5*f**2 + 12*f - 9. Let j(l) = 4*d(l) - 9*q(l). Let k be j(4). Calculate the greatest common divisor of 40 and k.
8
Suppose 2*p + 4 + 4 = 0. Let w = 9 + p. Let g be (2/3)/(w/15). What is the greatest common divisor of 2 and g?
2
Let k = 6 + -3. Let m be 14 + (-9)/3 + 1. Let d = m + -6. What is the greatest common factor of d and k?
3
Suppose n - 3 = -1. Suppose 0*s = -n*s. Let y be (3 - (s - -3)) + 7. What is the highest common factor of 7 and y?
7
Let s(y) = -4*y**2 + 25*y + 1. Let w be s(3). What is the greatest common factor of 30 and w?
10
Suppose -5*h + 4*n = -57, -2*n + 8 = 2*n. What is the greatest common divisor of h and 13?
13
Suppose 5*y = 79 + 71. Let o be 4/(5/(y/4)). Suppose 0*v = -v + 9. Calculate the greatest common factor of v and o.
3
Suppose 9 = -4*v + 5*v. Let h be 1/3 + 24/v. Calculate the highest common factor of 27 and h.
3
Let o(u) = u**3 + 13*u**2 - 17*u - 21. Let k be o(-14). What is the highest common divisor of 14 and k?
7
Suppose 3*u = -2*h - 0*u + 2, -3*u = 0. Suppose k = 1, -5*k = -2*a + 17 - 0. Calculate the highest common factor of a and h.
1
Suppose m - 6*m = -720. Calculate the greatest common factor of m and 16.
16
Let j = 8 - 18. Let c = -7 - j. Let z be (-1)/3 - (-275)/15. Calculate the highest common factor of c and z.
3
Let q(c) = -c - 11. Suppose 0 = -l - 5, 4*l + 49 = -2*x + 9. Let z be q(x). Let s be 2 + (7 + z)/1. Calculate the highest common factor of 1 and s.
1
Let i = -2 - -29. Suppose -v - v - 66 = -4*y, -y - 2*v + 24 = 0. What is the highest common factor of y and i?
9
Let v = 34 - 22. Let t(q) = -28*q - 1. Let u be t(-5). Let r = u - 79. What is the greatest common factor of v and r?
12
Let i = -5 - -15. Let b = i - -2. Calculate the greatest common factor of 108 and b.
12
Let x = -103 - -153. Let s = x + -23. Let g(l) = -3*l - 6. Let i be g(-8). What is the greatest common factor of s and i?
9
Suppose 0 = -u - 3*u + 12. Suppose 8*a = u*a - 15. Let v be (2*a)/((-3)/9). Calculate the greatest common divisor of v and 27.
9
Let y be (-42)/(-2)*(-40)/(-15). Let o be (-21)/((-3)/6 + -1). What is the highest common factor of y and o?
14
Suppose 20 + 30 = 4*k - 3*q, -5*q = -3*k + 32. Let a(g) = 2*g**3 - 8*g**2 - 3*g. Let i be a(6). What is the highest common factor of k and i?
14
Let m(z) = -4*z - 4. Suppose 4*k - 2*k - 42 = 0. Suppose -5*d - k = -2*d. Let o be m(d). What is the highest common divisor of o and 36?
12
Let q = -6 + 4. Let d be 0 + q - -14 - 2. Let c(u) = u**2 - 5*u - 4. Let x be c(6). Calculate the highest common factor of x and d.
2
Let v(h) = 9*h + 10 + h**2 - 5*h - 8*h. Let t be v(4). What is the greatest common divisor of 110 and t?
10
Let g(q) = 5*q**2 - 2*q + 2. Let x be g(2). Calculate the greatest common divisor of 2 and x.
2
Let t(y) = 5*y - 3. Let b be t(-1). Let d be (2 - -38)*(-4)/b. What is the highest common factor of d and 100?
20
Let r = -2 - -6. Suppose -r*t = -5*t + 15. Let a = 26 + -21. Calculate the greatest common divisor of t and a.
5
Suppose 6*g = g + 2*w + 94, 96 = 5*g - 3*w. Calculate the greatest common divisor of g and 9.
9
Suppose 0 = y - n - 34, 2*y = y + 2*n + 30. Let i = y + 82. Calculate the highest common factor of 15 and i.
15
Let g(f) = 2*f - 4. Let k be g(4). Let r(o) = 3*o + 0 - 2 - 6*o + o**2 + 4*o. Let w be r(2). What is the highest common divisor of w and k?
4
Suppose -3*o + 558 + 18 = 0. What is the greatest common factor of o and 24?
24
Let t be (-4 - (-28)/8)*-14. Calculate the greatest common divisor of t and 28.
7
Suppose -2*v = 2*v + 2*p + 22, -2*v = -5*p + 29. Let t be 2/v - (-138)/42. What is the highest common factor of t and 15?
3
Suppose 2*c + 5 = -3. Let t be (-1266)/(-21) + c/14. What is the greatest common factor of t and 24?
12
Let u(g) = g**2 - 8*g + 9. Let w be u(7). Suppose 3*c + 80 + 69 = 4*a, 4*a = -w*c + 154. What is the highest common divisor of 57 and a?
19
Suppose b - 30 = 5*d, 3*b - 57 = 8*d - 4*d. Let w = -9 + 15. Let p be 1/(-2) + 183/w. What is the highest common factor of p and b?
15
Let n(h) = -h**3 - 3*h**2 + 3*h - 10. Let l be n(-6). Suppose 0 = 5*b - 3*r - 52, 0*b - b = 5*r + 12. What is the greatest common factor of b and l?
8
Let k(x) = 2*x. Let a be k(2). Calculate the greatest common factor of a and 20.
4
Suppose -5*p + u = 3, -2*u = -p + 1 + 2. Let b be (p/1 - -17) + 1. What is the highest common divisor of 17 and b?
17
Let c = -48 + 56. Calculate the highest common divisor of c and 88.
8
Let d be 24 + -2 + (-4 - -6). What is the greatest common divisor of d and 36?
12
Let f be (-1)/((-3)/54) - 0. Suppose 0 = -3*y + 4*g - 7 + 53, -48 = -3*y + 3*g. What is the greatest common divisor of f and y?
18
Let o be 6/(-12) + (-14)/(-4). Let h be o - (-3)/((-12)/(-196)). Calculate the highest common divisor of h and 26.
26
Let j = 231 + -51. What is the greatest common factor of j and 20?
20
Let u = 2 - 2. Suppose u = -0*x + 2*x - 38. Suppose -37 = -v + 5*h, 2*v - h = -2*h + 118. Calculate the greatest common divisor of v and x.
19
Let o = 399 + 6. Suppose 0 = -5*k + 135 + o. What is the greatest common divisor of 12 and k?
12
Let m(v) = -v**2 - 6*v + 18. Let o be m(-7). Calculate the greatest common factor of 11 and o.
11
Suppose -3*v + 31 = -0*v + p, -5*v + 48 = -2*p. Let d be (-15)/(2/(-4)*1). Calculate the highest common factor of d and v.
10
Suppose 2*n + 2*l + 11 = -9, -38 = 3*n + 5*l. Let m be 407/9 - n/(-27). What is the highest common divisor of 9 and m?
9
Let p = 22 - -82. Calculate the greatest common factor of p and 26.
26
Let i be (-3)/(68/22 - 3). Let g = 69 + i. Suppose 2*m - 12 = -m. Calculate the greatest common divisor of g and m.
4
Suppose -3*w = j - 14, 5*j = 5*w + 43 + 7. Calculate the highest common factor of 77 and j.
11
Suppose -6*u = -10*u + 2228. Suppose -u = -4*c - 173. Calculate the greatest common factor of 12 and c.
12
Let h(p) = -7*p. Let g be h(-4). Let j = -19 + 33. What is the highest common divisor of j and g?
14
Let b(y) = 3*y**2 + 4*y + 1. Let t be b(-5). Calculate the highest common factor of t and 8.
8
Let x(h) = -h**3 + 10*h**2 + 8*h + 18. Let l be x(8). What is the highest common divisor of l and 30?
30
Let a = -5 - -9. Suppose -d - 2 = 0, -5*d + 6 = 2*y - 16. Suppose -5*g = 3*n - 25, 0 = g - n + 3 - y. Calculate the highest common divisor of g and a.
4
Let s(y) = -y - 13. Let t be s(0). Suppose 3*l + 5*v - 11 = 52, 2*l = -v + 42. Let c = l + t. What is the greatest common divisor of 12 and c?
4
Suppose 3*s - 4 = 14. Let l be (-2)/(-6) + 4/s. Let k be (-2 - -3)/(l/63). What is the highest common divisor of 9 and k?
9
Let w(n) = -4*n - 9. Let h be w(-6). Let r(l) = 2*l**2 - 9*l - 15. Let q be r(-10). Suppose 2*k + 5 = q. Calculate the highest common divisor of h and k.
15
Let c(g) = g**3 + 2*g**2 - 2*g - 2. Let v be c(2). Suppose -3*d + 4 = k - 6, 3*d = 2*k - 2. What is the highest common divisor of k and v?
2
Let t(p) = -p - 1. Let b be t(-11). What is the highest common divisor of b and 2?
2
Suppose 0 = 3*o + 3*h - 27, -3*o + 41 = 5*h + 8. Calculate the highest common divisor of o and 18.
6
Let n = -13 - -23. Calculate the greatest common divisor of 5 and n.
5
Suppose -5*j - 8 = -3*k + 1, 3*k + 9 = -j. Let q be k*(3/(-6) + 0). Suppose -v - 3*d = -4*v - 6, -4*v - d = -12. What is the greatest common factor of v and q?
1
Let h